{"id":4108,"date":"2024-01-19T17:07:08","date_gmt":"2024-01-19T14:07:08","guid":{"rendered":"https:\/\/smartmoveinvestment.com\/?page_id=4108"},"modified":"2024-01-19T17:07:08","modified_gmt":"2024-01-19T14:07:08","slug":"vizyonumuz","status":"publish","type":"page","link":"https:\/\/smartmoveinvestment.com\/index.php\/vizyonumuz\/","title":{"rendered":"Vizyonumuz"},"content":{"rendered":"\n<p>M\u00fc\u015fteri odakl\u0131 bir pazarlama stratejisine sahip dan\u0131\u015fmanlar\u0131m\u0131z\u0131n; yat\u0131r\u0131mc\u0131lar\u0131m\u0131za b\u00fct\u00e7elerine en uygun emlak se\u00e7ene\u011finin sunulmas\u0131, resmi kurumlarda \u00f6zellikle Tapu Kadastro Dairelerine sunulacak evraklar\u0131n eksiksiz olarak haz\u0131rlanmas\u0131 ve bu i\u015flemlerin takip edilerek en do\u011fru \u015fekilde sonu\u00e7land\u0131r\u0131lmas\u0131 \u015firketimizin \u00f6ncelikli ana hedefleridir.<\/p>\n\n\n\n<p>\u00d6zellikle yabanc\u0131 yat\u0131r\u0131mc\u0131lar\u0131n KKTC\u2019de sat\u0131n almak istedikleri gayrimenkuller ile ilgili, yasal mevzuat\u0131n \u00f6n g\u00f6rd\u00fc\u011f\u00fc \u015fekilde gerekli izinlerin al\u0131nmas\u0131, en g\u00fcvenli ortam\u0131n sa\u011flanarak yap\u0131lacak olan her t\u00fcrl\u00fc yat\u0131r\u0131mlarda herhangi bir sorunun ya\u015fanmamas\u0131 ve t\u00fcm talepler ile ilgili dan\u0131\u015fmanl\u0131k hizmetinin sa\u011flanmas\u0131 \u015firketimizin \u00f6nceli\u011fidir.<\/p>\n","protected":false},"excerpt":{"rendered":"<p>M\u00fc\u015fteri odakl\u0131 bir pazarlama stratejisine sahip dan\u0131\u015fmanlar\u0131m\u0131z\u0131n; yat\u0131r\u0131mc\u0131lar\u0131m\u0131za b\u00fct\u00e7elerine en uygun emlak se\u00e7ene\u011finin sunulmas\u0131, resmi kurumlarda \u00f6zellikle Tapu Kadastro Dairelerine sunulacak evraklar\u0131n eksiksiz olarak haz\u0131rlanmas\u0131 ve bu i\u015flemlerin takip edilerek en do\u011fru \u015fekilde sonu\u00e7land\u0131r\u0131lmas\u0131 \u015firketimizin \u00f6ncelikli ana hedefleridir. \u00d6zellikle yabanc\u0131 yat\u0131r\u0131mc\u0131lar\u0131n KKTC\u2019de sat\u0131n almak istedikleri gayrimenkuller ile ilgili, yasal mevzuat\u0131n \u00f6n g\u00f6rd\u00fc\u011f\u00fc \u015fekilde gerekli izinlerin [&hellip;]<\/p>\n","protected":false},"author":1,"featured_media":0,"parent":0,"menu_order":0,"comment_status":"closed","ping_status":"closed","template":"","meta":{"footnotes":""},"aioseo_notices":[],"_links":{"self":[{"href":"https:\/\/smartmoveinvestment.com\/index.php\/wp-json\/wp\/v2\/pages\/4108"}],"collection":[{"href":"https:\/\/smartmoveinvestment.com\/index.php\/wp-json\/wp\/v2\/pages"}],"about":[{"href":"https:\/\/smartmoveinvestment.com\/index.php\/wp-json\/wp\/v2\/types\/page"}],"author":[{"embeddable":true,"href":"https:\/\/smartmoveinvestment.com\/index.php\/wp-json\/wp\/v2\/users\/1"}],"replies":[{"embeddable":true,"href":"https:\/\/smartmoveinvestment.com\/index.php\/wp-json\/wp\/v2\/comments?post=4108"}],"version-history":[{"count":1,"href":"https:\/\/smartmoveinvestment.com\/index.php\/wp-json\/wp\/v2\/pages\/4108\/revisions"}],"predecessor-version":[{"id":4111,"href":"https:\/\/smartmoveinvestment.com\/index.php\/wp-json\/wp\/v2\/pages\/4108\/revisions\/4111"}],"wp:attachment":[{"href":"https:\/\/smartmoveinvestment.com\/index.php\/wp-json\/wp\/v2\/media?parent=4108"}],"curies":[{"name":"wp","href":"https:\/\/api.w.org\/{rel}","templated":true}]}}